f 2484735334.
2, 17, 67, 79, 13807
List the prime factors of 63059803.
19, 37, 271, 331
List the prime factors of 3036908571.
3, 1012302857
List the prime factors of 69340363.
29, 163, 14669
List the prime factors of 123521631.
3, 41173877
What are the prime factors of 68581912?
2, 7, 1224677
What are the prime factors of 17581669?
7, 19, 163, 811
List the prime factors of 256916038.
2, 2029, 63311
What are the prime factors of 16784415?
3, 5, 41443
List the prime factors of 342518037.
3, 1409, 81031
What are the prime factors of 76256622?
2, 3, 13, 325883
List the prime factors of 631781835.
3, 5, 42118789
What are the prime factors of 11752364?
2, 13, 226007
What are the prime factors of 636200731?
19, 41, 816689
List the prime factors of 3472081204.
2, 19, 61, 109, 6871
What are the prime factors of 46341844?
2, 1523, 7607
List the prime factors of 419552673.
3, 17, 197, 41759
List the prime factors of 57007936.
2, 17, 151, 347
What are the prime factors of 151539159?
3, 83, 608591
List the prime factors of 205809062.
2, 31, 79, 42019
What are the prime factors of 63099588?
2, 3, 83, 63353
List the prime factors of 1661186542.
2, 157, 211, 25073
What are the prime factors of 2942777609?
389, 7564981
What are the prime factors of 729573813?
3, 81063757
List the prime factors of 958056062.
2, 19037, 25163
List the prime factors of 2520151518.
2, 3, 420025253
List the prime factors of 1058141265.
3, 5, 70542751
What are the prime factors of 819121223?
819121223
What are the prime factors of 44565171?
3, 7, 2122151
What are the prime factors of 5631422761?
83, 101, 109, 6163
What are the prime factors of 169580009?
169580009
What are the prime factors of 68933376?
2, 3, 9973
What are the prime factors of 296099586?
2, 3, 431, 38167
List the prime factors of 90090831.
3, 53, 733, 773
What are the prime factors of 9375743?
13, 23, 31357
List the prime factors of 202912764.
2, 3, 79, 214043
List the prime factors of 45567429.
3, 17, 893479
List the prime factors of 168088412.
2, 42022103
List the prime factors of 58597023.
3, 29, 673529
List the prime factors of 436274894.
2, 11, 19830677
List the prime factors of 311211708.
2, 3, 293, 88513
List the prime factors of 8382191.
1621, 5171
What are the prime factors of 41148250?
2, 5, 11, 13, 1151
What are the prime factors of 261142871?
11, 23740261
What are the prime factors of 18020823?
3, 6006941
List the prime factors of 142343866.
2, 7, 61, 166679
List the prime factors of 534219008.
2, 2086793
What are the prime factors of 607264775?
5, 13, 71, 26317
List the prime factors of 2850189402.
2, 3, 37, 12838691
List the prime factors of 2431506068.
2, 607876517
What are the prime factors of 273648908?
2, 13, 947, 5557
List the prime factors of 254029465.
5, 311, 163363
List the prime factors of 235857370.
2, 5, 7, 3369391
List the prime factors of 353935904.
2, 7, 83, 19037
List the prime factors of 824510201.
131, 2203, 2857
List the prime factors of 42405094.
2, 21202547
List the prime factors of 3642098850.
2, 3, 5, 13, 139, 1493
List the prime factors of 680080239.
3, 37, 89, 7649
What are the prime factors of 39821414?
2, 41, 179, 2713
List the prime factors of 2056462783.
17, 4441, 27239
List the prime factors of 995757975.
3, 5, 23, 31, 2069
What are the prime factors of 2030614269?
3, 59, 11472397
List the prime factors of 465195368.
2, 11, 251, 21061
List the prime factors of 2821364658.
2, 3, 7, 107, 209269
What are the prime factors of 480276466?
2, 240138233
List the prime factors of 72722913.
3, 691, 35081
What are the prime factors of 70390441?
11, 43, 148817
What are the prime factors of 1372524106?
2, 686262053
What are the prime factors of 36811857?
3, 47, 261077
What are the prime factors of 1543630486?
2, 179, 397, 10861
List the prime factors of 309181765.
5, 61836353
What are the prime factors of 32135714?
2, 13, 199, 6211
What are the prime factors of 45991152?
2, 3, 3943
List the prime factors of 258131859.
3, 17, 41, 123449
What are the prime factors of 28322566?
2, 547, 25889
What are the prime factors of 333332759?
15373, 21683
List the prime factors of 42627756.
2, 3, 3552313
List the prime factors of 612527825.
5, 7, 13, 139, 149
What are the prime factors of 54764902?
2, 27382451
What are the prime factors of 1576921792?
2, 59, 417617
List the prime factors of 520581584.
2, 389, 83641
List the prime factors of 2925306147.
3, 975102049
List the prime factors of 6185096347.
31, 199519237
List the prime factors of 1654099681.
13, 127238437
List the prime factors of 2053613446.
2, 6113, 167971
What are the prime factors of 83906526?
2, 3, 11, 17, 53, 83
List the prime factors of 4114487951.
7, 17, 34575529
What are the prime factors of 74448669?
3, 19, 68743
What are the prime factors of 1079697789?
3, 39988807
List the prime factors of 251215605.
3, 5, 5582569
List the prime factors of 331398999.
3, 1307, 9391
What are the prime factors of 7434280007?
7, 11, 29, 1499, 2221
List the prime factors of 255188748.
2, 3, 29, 733301
What are the prime factors of 3265195672?
2, 408149459
List the prime factors of 593011816.
2, 17, 256493
What are the prime factors of 1573853287?
29, 103, 18169
What are the prime factors of 46851048?
2, 3, 17, 4253
What are the prime factors of 784785333?
3, 261595111
List the prime factors of 434185273.
103, 293, 14387
List the prime factors of 353832122.
2, 7, 43, 709, 829
What are the prime factors of 1152007388?
2, 7, 79, 151, 3449
What are the prime factors of 2680971258?
2, 3, 7, 63832649
What are the prime factors of 1796266639?
37, 3217, 15091
List the prime factors of 56514195.
3, 5, 41, 30631
List the prime factors of 1764323914.
2, 882161957
List the prime factors of 1111440332.
2, 151, 691, 2663
List the prime factors of 9124351.
19, 281, 1709
What are the prime factors of 917639205?
3, 5, 7, 337, 25933
What are the prime factors of 18920604?
2, 3, 1576717
What are the prime factors of 84382793?
11, 7671163
List the prime factors of 11183674.
2, 5591837
What are the prime factors of 88554203?
88554203
What are the prime factors of 2741975342?
2, 179, 7659149
What are the prime factors of 7592538658?
2, 251, 15124579
What are the prime factors of 6796758146?
2, 3398379073
What are the prime factors of 100584961?
83, 409, 2963
What are the prime factors of 3272398115?
5, 7, 1931, 6917
What are the prime factors of 2915094985?
5, 11, 53001727
List the prime factors of 48146660.
2, 5, 2407333
What are the prime factors of 778852880?
2, 5, 13, 61, 12277
List the prime factors of 37616440.
2, 5, 101, 9311
What are the prime factors of 3853917466?
2, 7, 4729, 58211
What are the prime factors of 2282003080?
2, 5, 7, 8150011
What are the prime factors of 203153727?
3, 7, 173, 199, 281
What are the prime factors of 1164902974?
2, 582451487
List the prime factors of 23525694.
2, 3, 435661
List the prime factors of 123418864.
2, 853, 9043
What are the prime factors of 1742206858?
2, 7, 617, 28813
List the prime factors of 953861312.
2, 67, 181, 1229
List the prime factors of 193189703.
7, 3942647
What are the prime factors of 1677939584?
2, 191, 68633
List the prime factors of 1795751008.
2, 139, 403721
List the prime factors of 1038754529.
19, 167, 269, 1217
List the prime factors of 449254776.
2, 3, 29, 645481
What are the prime factors of 2168013819?
3, 113, 919, 6959
List the prime factors of 2486961997.
13, 151, 1266919
List the prime factors of 138621870.
2, 3, 5, 1540243
What are the prime factors of 112394375?
5, 31, 5801
What are the prime factors of 520817438?
2, 29, 8979611
What are the prime factors of 147299939?
147299939
What are the prime factors of 2345667612?
2, 3, 71, 2753131
What are the prime factors of 210695670?
2, 3, 5, 53, 44171
What are the prime factors of 100693765?
5, 179, 112507
List the prime factors of 5162629673.
5162629673
List the prime factors of 3768951445.
5, 7, 41, 2626447
What are the prime factors of 2083746590?
2, 5, 208374659
What are the prime factors of 42352621?
3761, 11261
What are the prime factors of 5909397?
3, 13, 151523
What are the prime factors of 309911999?
2633, 117703
List the prime factors of 117395315.
5, 73, 321631
What are the prime factors of 73799731?
179, 412289
List the prime fact